= -2*g + 5. Suppose -67 = -16*k + 13. Calculate z(k).
-5
Let z(v) be the second derivative of 3/2*v**2 + 2/3*v**4 + 12*v + 1/6*v**3 + 1/20*v**5 + 0. Calculate z(-8).
-5
Let d(c) = -c**3 + 7*c**2 - 4*c + 5. Suppose 5*g = -4*h + 14, -3*h = 5*g - 6*h - 42. Calculate d(g).
17
Let m(g) be the third derivative of g**6/120 + g**5/10 - g**4/3 - 7*g**3/6 - 3*g**2. Let z be m(-7). Let h(c) = -4*c + z*c + 0 + 1 - c**2. Determine h(-3).
4
Suppose 2*g + 2*r = 2, -2*r = -4*g + r + 18. Let o(l) = 2*l - g*l + 4*l + 5 - 5*l. Calculate o(4).
-3
Let s(u) = 3*u + 1. Let f be 1/5*((-5 - -11) + 4). What is s(f)?
7
Suppose 3*f + 2*f + 2*n = -23, 3*f = -n - 13. Let t be 4/(-22) - (-70)/22. Let k(h) = h**2. Let x(r) = -4*r**2 - 4*r. Let j(d) = t*k(d) + x(d). What is j(f)?
3
Let s(m) be the first derivative of m**4/4 + 10*m**3/3 + 7*m**2/2 - 7*m + 294. Calculate s(-9).
11
Let b(t) = -3*t**3 + 2*t**2 - 1. Let u be b(-1). Suppose z - 15 = u*z. Let q(c) = -3 - 27*c - 6*c**2 + 24*c + c**3 + 10*c**2. Give q(z).
-13
Suppose 0 = -h + 2. Let y(p) = -4*p + 114 - 218 + 112. Let u(g) = 2*g - 4. Let o(m) = h*y(m) + 5*u(m). Determine o(-3).
-10
Let z(p) = 2*p**2 - 7*p + 4. Let d be z(6). Let f = d + -28. Suppose f*s = 2*s - 16. Let w(t) = t**2 + 3*t - 2. Calculate w(s).
2
Suppose 3*r = -c - 2*r - 21, 3*c + 11 = -2*r. Let b be -2 + (c - (-2 + 0)). Let v(t) = 17*t**3 + 1. Calculate v(b).
-16
Let w(o) = -o**2 - 54*o + 3. Let s(g) = -g**2 - 43*g + 3. Let a(y) = -6*s(y) + 5*w(y). Let h be (11 - 8)*3*1. What is a(h)?
-30
Let z(g) be the first derivative of -g**4/4 - 3*g**3 - 5*g**2 - 4*g + 22. Determine z(-8).
12
Let n(y) = 4*y**2 + 6*y - 10. Let x be n(-5). Suppose 2*w - 54 - 55 = -5*z, -4*z - 136 = -2*w. Let a(g) = x*g - 3 - 1 - w*g. Give a(-5).
6
Let h be (3/(-15))/(3/300*-4). Let y(l) = 3*l**2 + 3*l - 4. Let m(t) = t**2 - 1. Let k(r) = 4*m(r) - y(r). What is k(h)?
10
Let n(a) be the first derivative of 4*a**4 - a**3/3 + a**2/2 + 86. What is n(1)?
16
Let t(x) = x**3 + 4*x**2 + 6*x. Let m(b) = b**3 + 5*b**2 + 6*b. Let g(f) = 4*m(f) - 3*t(f). Calculate g(-7).
7
Suppose 8 = -2*s - 0*d + 2*d, -4*d = -12. Let i be (s - (-1)/(-2))*2. Let k(n) = 4*n + n**2 - 172 + 85 + 85. Calculate k(i).
-5
Let f(z) = z + 1. Suppose 2*c - 3*s + 5 = 0, -5*c + 2*s + 13 = 3*s. Let w be f(c). Let i(a) = -a**w - a**2 + 3 + 5*a**2 + 3*a - 4*a. Determine i(4).
-1
Suppose 0 = 2*l + 5*z - 9 + 11, 0 = -3*l + z + 14. Let v(p) = 2*p**2 - 4*p + 4. Give v(l).
20
Let r(n) be the second derivative of -n**7/840 - n**6/60 + 7*n**5/120 - 5*n**4/24 + 5*n**3/3 - 8*n. Let b(w) be the second derivative of r(w). Calculate b(-7).
-5
Let b(j) = 2 - j - 3 - 4 - 3. Let l(y) = 16 - 2 + 2*y + 0*y. Let q be l(-10). Determine b(q).
-2
Suppose -5*g - 3*b = -2*b + 27, -5*g - 4*b - 33 = 0. Let w(h) = -2*h + 12. Let a(r) = -r + 4. Let m(u) = -6*a(u) + 2*w(u). Determine m(g).
-10
Let t(x) = -x - 8. Let p(z) be the second derivative of z**3/3 + 15*z**2/2 - 19*z. Let o(f) = -6*p(f) - 11*t(f). Suppose -8 - 13 = 3*u. Calculate o(u).
5
Let a be -53 - -49 - 3/((-6)/(-4)). Let z(s) = -6*s**2 + 7*s. Let w(h) = 5*h**2 - 7*h + 1. Let p(l) = a*z(l) - 7*w(l). What is p(-7)?
-7
Let v(d) be the second derivative of d**5/20 + d**4/12 - d**3/2 + 19*d**2/2 + 38*d. Let x(f) be the first derivative of v(f). Calculate x(-3).
18
Let t(z) be the second derivative of z**7/2520 - z**6/144 + 3*z**5/40 + z**4/6 + 7*z. Let k(d) be the third derivative of t(d). Give k(6).
15
Let a(k) = k + 1. Let h(f) = 1. Let m(w) = -a(w) + 4*h(w). Let c be -1*5 - 0/(-12). Calculate m(c).
8
Let m(u) = u + 1. Let a be 11 + -3 + 0 + -1. Let i(j) = -j**2 + 7*j - 9. Let s be i(a). Let z = s - -5. Determine m(z).
-3
Let s(b) = -13*b**3 - 26*b**2 + b + 6. Let q(n) = 17*n**3 + 34*n**2 - 2*n - 8. Let x(y) = 7*q(y) + 9*s(y). Determine x(-3).
-5
Let o(z) = -3*z**2 + 27*z + 13. Let y(x) = -x**2 + 8*x + 4. Let b(f) = 2*o(f) - 7*y(f). What is b(-2)?
6
Let y be 12/8 - (-1)/2. Suppose 12 = y*m - 0*m. Let j(l) = -m + 2*l + 6*l**2 - 4*l**3 - 4*l**3 + 7*l**3. Determine j(6).
6
Let u(t) = -5*t**2 - 12*t - 1. Let z(c) = -c**2 - c + 1. Let d(b) = -u(b) + 6*z(b). What is d(7)?
0
Let t(r) = -3*r + 13. Let k be 40 + -30 - (0 - -1 - 0). What is t(k)?
-14
Let z(w) = w - 8. Suppose 11 = -h + 3*q, -186*h - 2*q = -183*h + 22. Determine z(h).
-16
Suppose -2*m + 10 = -4*o, -3*o = -5*o - 3*m + 15. Suppose o = 3*h - 4 - 26. Suppose -15 = -5*g + h. Let a(r) = -r**2 + 6*r + 3. What is a(g)?
8
Let w(o) be the second derivative of -o**7/840 - o**6/60 + o**5/120 + o**4/3 + 7*o**3/6 + 2*o. Let t(b) be the second derivative of w(b). Calculate t(-6).
2
Let q(f) = -2*f + 0*f - 22 + 21. Calculate q(6).
-13
Let y(v) = -2*v**2 + 27*v - 19. Let q be y(14). Let l = 35 + q. Let x(j) be the third derivative of j**6/120 - j**5/20 + j**4/8 - j**3/6 - 2*j**2. What is x(l)?
1
Let p(d) = d**3 + 3*d**2 + 2*d + 3. Let q(m) = -m**3 - 7*m**2 + 2*m + 16. Let i be q(-7). Let l be (-18)/8 + i/(-40)*-5. Calculate p(l).
3
Let u(m) = 37*m + 149. Let f be u(-4). Let x(p) = 6*p**2 + 1. What is x(f)?
7
Let s(u) = 2*u**2 + 4 + u - 4*u - 8 + 11*u. What is s(-5)?
6
Let z be 0*(1/(-2))/(-1). Suppose -b + 4*s + 9 = 0, 46 - 19 = 3*b + 2*s. Let i(w) = b - 6 + w - 7. Give i(z).
-4
Let c(j) = -j - 1. Let u(d) = d**3 + 10*d**2 - 26*d - 19. Let r(s) = 4*s**3 + 40*s**2 - 104*s - 76. Let y(o) = 2*r(o) - 9*u(o). Let w be y(-12). Determine c(w).
4
Let s(h) = -7 - 135*h + 284*h + 2*h**2 - 135*h. Determine s(-7).
-7
Let q(z) = 11*z**3 - z**2 + z + 1. Let w = 853 - 854. Give q(w).
-12
Let r(x) = -3*x**2 + 2*x + 1. Let v(a) = a**2 - 4*a - 27. Let s be v(8). Let j be s/(1 + 6/4). Give r(j).
-7
Let q(y) = -y**3 - 3*y**2 - 6*y + 5. Let b(c) = 3*c**3 + 6*c**2 + 11*c - 11. Let l be (-20)/(-80) + (-19)/(-4). Let k(v) = l*q(v) + 2*b(v). Determine k(5).
13
Let g(y) be the first derivative of -3*y**2/2 - 4*y - 167. Calculate g(4).
-16
Let f(c) be the first derivative of -3*c**2/2 - 7*c + 44. Calculate f(-4).
5
Suppose 2*l - k + 103 = -2*k, -5*l - 259 = k. Let t be (l/(-44) - 3) + (-6)/33. Let v(g) = 3*g**3 + 3*g**2 + 3*g. What is v(t)?
-18
Let b(f) = f**3 - 9*f**2 - 11*f + 9. Let h(t) = -30*t + 100. Let j be h(3). What is b(j)?
-1
Let a(v) = v**2 + v. Let z(q) = -5*q**2 - 10*q + 2. Let w(f) = 6*a(f) + z(f). Calculate w(3).
-1
Let t(m) = -2*m - 13. Let a(j) = -29*j. Let g be a(-3). Let l = g - 96. Give t(l).
5
Let h(i) be the second derivative of 2*i**3/3 - i. Let l be ((-3)/(-9))/(1 - 55/60). Calculate h(l).
16
Let t(a) = -17*a + 14*a**2 + 29*a + 1 - 11*a. What is t(1)?
16
Let y = 1328 + -1319. Let t(g) = -g**2 + 4*g + 40. What is t(y)?
-5
Let h be -1 + (-1 - 20/(-5)). Let u be 8/6 - h/(-3). Let i(s) = 3*s**3 - 1. Determine i(u).
23
Let v(o) = 3 + 2*o**3 - 2 - o**3. Let j = -112 + 111. Let s = 3 + j. Determine v(s).
9
Let i be ((-2)/6*-3)/(5/30). Let y(h) be the third derivative of -h**4/24 + h**3/6 + 2*h**2. Determine y(i).
-5
Let y(x) = 3*x**3 + 11*x**2 + 9*x. Let t(m) = 13*m**3 + 46*m**2 + 37*m - 1. Let d(w) = 2*t(w) - 9*y(w). Give d(-6).
4
Suppose 0 = 6*a - a. Suppose 3*l - 2*l + 4*k - 4 = a, l = 5*k + 4. Let v be (1 - l)*(-2)/(-3). Let f(h) = 2*h**2 + h + 2. Give f(v).
8
Let p(o) = o**2 + 19*o + 15. Let l(z) = -2*z**2 - 20*z - 22. Let s(q) = -2*l(q) - 3*p(q). What is s(12)?
-61
Suppose 0 = -34*w + 31*w + 264. Suppose 0 = 91*p - w*p + 12. Let g(j) = j**3 + 5 + 0 - 4*j + 8*j + 5*j**2. Calculate g(p).
5
Suppose 6*m = 3*m + 9. Suppose 11 = -2*d + m*z, -2*d + 7 = -0*d + 3*z. Let v(f) = -3*f**3 + 0*f - f**2 + 10*f**3 - f - 1. Give v(d).
-8
Let t be 5 - -1 - 6/6. Let r(p) = 20*p**2 - 9*p + 46. Let z(w) = -7*w**2 + 3*w - 16. Let n(j) = 6*r(j) + 17*z(j). Determine n(t).
14
Let k(p) be the second derivative of 11/6*p**3 + 11/2*p**2 - 2/3*p**4 - 1/20*p**5 + 0 + 38*p. What is k(-9)?
-7
Let w be 4/(-26) - 2124/(-117). Suppose -2*x - w = x. Let a(k) = -4*k + 2. What is a(x)?
26
Let l(u) = 7*u + 7. Let q(z) be the second derivative of 2/3*z**3 + 3/2*z**2 + 0 - 5*z. Let m(b) = 3*l(b) - 5*q(b). Determine m(-6).
0
Let j(r) = r**2 + 70 - 5*r - 2*r**2 - 11 - 3*r - 35. Give j(-10).
4
Let k(j) = 6*j**2 + 5*j - 12. Let x(t) = 7*t**2 + 5*t - 13. Let d(l) = 6*k(l) - 5*x(l). Calculate d(-6).
-1
Let o = 27 + -13. Let p be -3*((-308)/210 + 8/10). Let u(v) = p - o*v + 7*v - 3. Give u(-1).
6
Let d b